hen d(-9) is divided by 12?
10
Let u = 22 - 13. What is the remainder when 24 is divided by u?
6
Let p(t) = t**3 - 2*t**2 + 3*t - 1. Let q(o) = o + 6. Let f be q(-4). Calculate the remainder when p(f) is divided by 3.
2
Let u = -4 - -5. Let n = u - -3. Suppose y + n*y - 25 = 0. Calculate the remainder when 9 is divided by y.
4
Let p = 28 + -63. Let q = -24 - p. Suppose -3*n + 5*i + 68 = 0, 0 = -0*n + 4*n + i - 129. Calculate the remainder when n is divided by q.
9
Let r(i) = i**3 + 5*i**2 - i - 2. What is the remainder when 143 is divided by r(-4)?
17
Suppose 4*l = 3*o - 32, 0 = 3*o + 6*l - 2*l - 16. Let c = 40 + -17. Calculate the remainder when c is divided by o.
7
Suppose 264 = 5*t - 3*q, 41 = -5*t - 2*q + 315. Suppose 0 = -g + 3*l + t, -2*g - 260 = -7*g + 5*l. Calculate the remainder when g is divided by 13.
12
Calculate the remainder when (-29 + -5)*1/(-1) is divided by 18.
16
Let o = 118 - 87. Calculate the remainder when 59 is divided by o.
28
Suppose 7*c - 74 = 59. Calculate the remainder when 75 is divided by c.
18
Let u(z) = -z**2 + 6*z - 4. Let w(c) = c**3 + 6*c**2 + c - 3. Let r be ((-1)/(-3))/((-2)/30). What is the remainder when w(r) is divided by u(3)?
2
Suppose 0 = 5*d + 4*t + 27 - 534, 0 = 5*d + 3*t - 504. Suppose -5*x = -26 - d. Calculate the remainder when x is divided by 13.
12
Let j(v) = -2*v**3 + 7*v**2 + 4*v - 6. Let k(h) = -3*h**3 + 7*h**2 + 4*h - 7. Let i(c) = 4*j(c) - 3*k(c). What is the remainder when 16 is divided by i(-6)?
7
Let c = 12 - 8. What is the remainder when -1*2*(-22)/4 is divided by c?
3
Suppose -3*o - 16 + 4 = 0. Calculate the remainder when 47 is divided by (-24)/(-2)*(-3 - o).
11
Let t = 25 + -19. Calculate the remainder when t is divided by 3.
0
Suppose -5 = -4*f + 3. Suppose -4*t + 46 = -f. Calculate the remainder when 22 is divided by t.
10
Let u(p) be the first derivative of -p**2/2 + 2*p + 1. Calculate the remainder when u(0) is divided by 2*(-2 - 10/(-4)).
0
Let b(y) = y**2 - 6*y - 2. Let r be b(6). Let u be -64 + (-3 - -3 - r). Let z = u + 120. Calculate the remainder when z is divided by 15.
13
Let d = 1 - 0. Suppose o = -3*h - 19, 0 = 2*h + 3*o + 5 + 17. Calculate the remainder when (56/(-10))/(d/h) is divided by 15.
13
Suppose k - 7 = -3*g, g + 4*g - 12 = -2*k. Suppose -g*r + 23 = 161. Let n = r - -124. What is the remainder when n is divided by 19?
17
What is the remainder when 8 is divided by 4*(3 - (-1 + 7/2))?
0
Let n = -24 + 43. Suppose -n - 14 = -3*f. Calculate the remainder when 43 is divided by f.
10
Let u be (10 - 13)/(1*-1). What is the remainder when 53 is divided by 4/(-2) + 17 + u?
17
Let z = 140 + -100. Suppose z = 4*r - 5*o, -10 = -2*r + o + 4*o. What is the remainder when 58 is divided by r?
13
Suppose 2*t = -k - 2*t + 16, -3*k + 96 = -4*t. Let a = 0 + 0. Suppose -h - 2*y + 16 = 0, -y = h - a*y - 13. Calculate the remainder when k is divided by h.
8
Suppose -197 = -6*o + 31. What is the remainder when o is divided by 7?
3
Let l(i) = -2 - 1 + 2 + 2 - 10*i. Calculate the remainder when 32 is divided by l(-1).
10
Let n(b) = 14*b - 1. Let j(s) = -s + 27. Calculate the remainder when n(2) is divided by j(12).
12
Suppose s + s - 2 = 0. Let g = 5 + s. Calculate the remainder when g is divided by 4.
2
Suppose -3*g = g + 72. What is the remainder when 31 is divided by (-60)/g*(-48)/(-10)?
15
Let k = -1 - -17. Suppose -4*b = -2*b - 16. Let m = b - -1. Calculate the remainder when k is divided by m.
7
Suppose q - 5*q + 469 = -l, 575 = 5*q + l. What is the remainder when q is divided by 13?
12
Let m(l) = 6*l + 1. Suppose -3*j + j + 74 = 0. Calculate the remainder when j is divided by m(3).
18
Let a = 71 + -62. Calculate the remainder when 34 is divided by a.
7
Let y(t) = 4*t + 34. Calculate the remainder when 82 is divided by y(-5).
12
Suppose 12 - 4 = 4*b. Calculate the remainder when 36 is divided by -5*b/(-10)*13.
10
Let d = 20 + -12. Calculate the remainder when 38 is divided by d.
6
Suppose -6*k + 2*k = -44. Let x(o) = 33*o**2 + 2*o + 1. Calculate the remainder when x(-1) is divided by k.
10
Calculate the remainder when 33 is divided by ((-8)/(-10))/((20/250)/2).
13
Suppose -43 = -3*t - 2*h, 0*t - 2*h - 12 = -2*t. Let r = 15 + -11. Calculate the remainder when t is divided by r.
3
Suppose -4*k + 22 - 6 = 0. Suppose -k*s = -174 + 66. Calculate the remainder when 105 is divided by s.
24
Let o(q) = -q**2 - 12*q - 5. Calculate the remainder when 26 is divided by o(-10).
11
Suppose -2*o = 2*o - 48. Calculate the remainder when 4/(-14) + (-240)/(-7) is divided by o.
10
Let w(p) = -p**3 - 7*p**2 - 6*p + 2. Suppose 3*n = 5 + 1. Suppose 4*y - 5*i + 5 = 0, n*y = 4*y + 2*i - 20. Calculate the remainder when y is divided by w(-6).
1
Let d = 1 + 3. Suppose d*h = 2*h. Suppose b + 3*b - 44 = h. What is the remainder when b is divided by 3?
2
Suppose 5*g - 10 = -0*g. Let j(f) = -3 - 1 - f**3 - f + 4 + 5*f**g. What is the remainder when 35 is divided by j(4)?
11
Let o = 8 + -6. Let v be (1 - (o - 3)) + 4. Suppose 3*x - 30 = -3*w, w - 2*x = -x + v. Calculate the remainder when 15 is divided by w.
7
Let w(r) = 5*r**3 - 1. Let a be w(1). Calculate the remainder when 43 is divided by (-44)/(-3) + a/12.
13
Let g be 2/10 - 112/(-40). Suppose 0 = s + g - 7. Calculate the remainder when 14 is divided by s.
2
Let m(x) = 5*x - 4*x + 7*x - 2 + 3*x. Suppose 4 + 0 = 2*c. Calculate the remainder when m(c) is divided by 7.
6
Let l(x) = -x**3 - 6*x**2 - 4*x + 17. Calculate the remainder when 46 is divided by l(-5).
10
Let q(t) = 23*t**3 - 3*t**2 + t + 1. Calculate the remainder when (-2 - -1)*2 - -66 is divided by q(1).
20
Let p be (-32)/(-14) - 4/14. Let l = 2 - p. Suppose 5*n - 70 = -l*n. What is the remainder when 26 is divided by n?
12
Suppose -r + x + 3*x + 13 = 0, -3*x = -4*r + 78. Calculate the remainder when r is divided by 8.
5
Suppose 2*o - 5*v - 184 = 0, 0*o = -o + 4*v + 95. What is the remainder when o is divided by 45?
42
Let m be 546 + 0 - (5 + -4). Let p be (-6)/4 + m/10. What is the remainder when p - (2 - 0 - -1) is divided by 13?
11
Suppose 14 + 24 = 4*k + i, -2*k = -2*i - 14. Suppose j + k = 2*j. What is the remainder when j is divided by 6?
3
Suppose 0 + 1 = u. Suppose -w = -3*d + u, -4*w - 4*d + 26 = -d. What is the remainder when 17 is divided by w?
2
Suppose 4*v + 17 = 141. Calculate the remainder when 92 is divided by v.
30
Let b be (1/2)/((-2)/(-4)). Let l = 4 - b. Suppose 20 = -l*n + 7*n. What is the remainder when n is divided by 3?
2
Let z(c) = -2 + 4 - 4*c + 3*c. Let d(u) = u - 1. Let v(h) = -5*d(h) - 3*z(h). What is the remainder when 20 is divided by v(-4)?
6
Let t be 1/(-5) - 45/25. Let u be (6/(-9))/((-1)/39). Calculate the remainder when (-4 - t)/((-2)/u) is divided by 14.
12
Let g(x) = x**2 + 4*x - 1. Let i be g(-5). Suppose 0*q = -3*y + 2*q - 112, 0 = i*y - 5*q + 154. Calculate the remainder when (y/14)/(2/(-14)) is divided by 10.
8
Let a be ((-9)/6 - -1)*-26. Suppose -n - a = -2*n. What is the remainder when n is divided by 8?
5
Suppose -98 + 6 = -4*x. What is the remainder when 88 is divided by x?
19
Suppose -1 = 5*h - 11. Suppose p - 4*n - 13 = 0, p + 5 = -2*n - 0. Let j = h + p. What is the remainder when 3 is divided by j?
0
Let u = 6 - 4. Suppose 10*a - 67 = 3. Calculate the remainder when u/3 + 34/3 is divided by a.
5
Let c(p) = 3*p + 1. What is the remainder when 18 is divided by c(3)?
8
Let t(a) = -a + 53. Let s = 46 + -28. What is the remainder when t(0) is divided by s?
17
Suppose 8*x - 27 = 7*x. What is the remainder when x is divided by 15?
12
Let y be -3 + (-1 - (-6)/(-2)). Let c = 14 + y. Calculate the remainder when c is divided by 4.
3
Suppose -v + 6*v = 45. What is the remainder when 17 is divided by v?
8
Let j be (-3 - 1) + 2 + 20. What is the remainder when 1 is divided by 14/18 + 4/j?
0
Let t(y) = -y**2 - 10*y + 12. Calculate the remainder when 215 is divided by t(-6).
35
Let q(o) = -5*o + 8. What is the remainder when q(-3) is divided by 14?
9
Suppose -9*c = -143 - 28. Calculate the remainder when 71 is divided by c.
14
Let w = 0 + -1. Let m = w + 12. What is the remainder when m is divided by 6?
5
Suppose 3*y - 4*j = -y + 28, 4*j = 2*y - 12. Calculate the remainder when y is divided by 8.
0
Suppose 5*i - 5 = 5*t, -t = -i - i + 4. Suppose 5*w - 57 = 2*z